is 8 + -52?
-46
In base 15, what is 7b + -7?
74
In base 13, what is 8 - 16a?
-162
In base 5, what is -2443 - -4?
-2434
In base 11, what is 4 + -647?
-643
In base 14, what is -2b6 + 3?
-2b3
In base 6, what is 2 + 13554?
14000
In base 10, what is -1 + -232?
-233
In base 13, what is 8aa + 3?
8b0
In base 3, what is 122 + 2100?
2222
In base 6, what is -14 + 314?
300
In base 10, what is -96 + 1?
-95
In base 16, what is -1 + -245e?
-245f
In base 13, what is -1 - 66?
-67
In base 10, what is -5 - -239?
234
In base 11, what is 89a2 - -1?
89a3
In base 6, what is -50 - -3?
-43
In base 2, what is 10111 + -11001111?
-10111000
In base 2, what is -1001001000111 - -100?
-1001001000011
In base 7, what is -42553 + 4?
-42546
In base 12, what is -9 + 85?
78
In base 9, what is -3 - 47?
-51
In base 5, what is -204 - -11?
-143
In base 7, what is -106204 - 5?
-106212
In base 15, what is 68 + -2?
66
In base 8, what is 136 + 0?
136
In base 14, what is 5 - 22?
-1b
In base 14, what is cac5 + -3?
cac2
In base 10, what is -585 - -4?
-581
In base 3, what is -21020 + 2?
-21011
In base 5, what is -24042 + 13?
-24024
In base 9, what is -2 + 5254?
5252
In base 5, what is 10 - -10?
20
In base 7, what is -3 - 14631?
-14634
In base 3, what is -120211121 - 0?
-120211121
In base 15, what is -1 - -3c8?
3c7
In base 12, what is 0 + 2?
2
In base 5, what is -14 + 0?
-14
In base 5, what is -13 + -13?
-31
In base 14, what is -534 - 1?
-535
In base 3, what is -211 - -12?
-122
In base 14, what is -16 - 35c?
-374
In base 11, what is 125 - -6?
130
In base 10, what is -122 + -7?
-129
In base 12, what is 19 + 4?
21
In base 3, what is 11 - -21?
102
In base 7, what is -1224 + 0?
-1224
In base 7, what is 13224 + 1?
13225
In base 8, what is 456 - -1?
457
In base 8, what is 144420 - 3?
144415
In base 13, what is -3c - -5?
-37
In base 15, what is -2d - -9?
-24
In base 3, what is -112 - -100?
-12
In base 10, what is 37 + -5?
32
In base 11, what is -25 + 667?
642
In base 9, what is 3 + 5022?
5025
In base 10, what is 62 + -9?
53
In base 5, what is 10 - -22?
32
In base 16, what is -6 - 485?
-48b
In base 8, what is -3 - -171?
166
In base 3, what is 0 - -111121?
111121
In base 7, what is -12633 - 2?
-12635
In base 13, what is -62 - 2?
-64
In base 16, what is -3 + 1ed?
1ea
In base 10, what is 5 + 119?
124
In base 10, what is -63 - -15?
-48
In base 14, what is 4 + -2083?
-207d
In base 13, what is -9 + -9?
-15
In base 14, what is 12 - 747?
-735
In base 10, what is -2396 - 5?
-2401
In base 5, what is -11 + 3000?
2434
In base 3, what is 11102021 + -11?
11102010
In base 2, what is 0 + -1001011?
-1001011
In base 10, what is 25 + -4?
21
In base 7, what is -101 + 3?
-65
In base 16, what is 4c + 40?
8c
In base 14, what is 1 - 59?
-58
In base 3, what is -112011 + -10?
-112021
In base 12, what is -1 + -a?
-b
In base 12, what is a3b - 2?
a39
In base 10, what is -4 + -75?
-79
In base 12, what is -16b8 - -4?
-16b4
In base 4, what is -11 + 101023?
101012
In base 8, what is 5 - -362?
367
In base 7, what is -2511 + -5?
-2516
In base 9, what is 1586 - -4?
1601
In base 14, what is 89 - -4?
8d
In base 2, what is 10010110 + -101?
10010001
In base 4, what is -210313 + 1?
-210312
In base 16, what is -d - 8c?
-99
In base 16, what is 8 - 13?
-b
In base 7, what is 5133 + -6?
5124
In base 5, what is -210340 + -2?
-210342
In base 3, what is 100 + 1?
101
In base 7, what is -11 - -3104?
3063
In base 15, what is 0 + 43?
43
In base 2, what is 111 - -11101?
100100
In base 10, what is -1 - -63?
62
In base 14, what is 3 + 10?
13
In base 7, what is 1031 + 3?
1034
In base 7, what is -2 - 54?
-56
In base 7, what is 2 - -116?
121
In base 9, what is 20 + 348?
368
In base 12, what is -188 - -3?
-185
In base 5, what is -3 + 2023?
2020
In base 15, what is -1 - 684?
-685
In base 15, what is 3 - -47?
4a
In base 15, what is 2 - -1d4?
1d6
In base 6, what is -4 - -524?
520
In base 16, what is -1 - 450?
-451
In base 7, what is 22 - -56?
111
In base 12, what is 528 + 1?
529
In base 10, what is 10 + -125?
-115
In base 5, what is 124 - 3322?
-3143
In base 11, what is 5 - a89?
-a84
In base 15, what is 329 - -5?
32e
In base 11, what is 44 - 18?
27
In base 3, what is 2 - 22110?
-22101
In base 12, what is -186 - 2?
-188
In base 15, what is -ec9 + 4?
-ec5
In base 16, what is 32 - 4?
2e
In base 14, what is -1534 + 3?
-1531
In base 13, what is -6c01 - -3?
-6bcb
In base 14, what is 4 + -84?
-80
In base 16, what is -4 + c8?
c4
In base 10, what is -27 + 64?
37
In base 14, what is 0 - -d2?
d2
In base 11, what is 3 - -1a?
22
In base 6, what is 5 + -2031?
-2022
In base 2, what is 100 - 1111?
-1011
In base 13, what is -2 - -15?
13
In base 12, what is -345 + 20?
-325
In base 4, what is -10 - 3122?
-3132
In base 16, what is -13b + 0?
-13b
In base 12, what is 66 + 23?
89
In base 4, what is 11 + 3202?
3213
In base 14, what is 4 + -172?
-16c
In base 9, what is 43 - 58?
-15
In base 15, what is 10 + 4?
14
In base 13, what is b4 - -5?
b9
In base 11, what is 2 - -363?
365
In base 4, what is -10 + 120?
110
In base 8, what is -5 - 250?
-255
In base 8, what is 137 - 2?
135
In base 14, what is -8 - 9?
-13
In base 9, what is -53 - -16?
-36
In base 10, what is 281 + 3?
284
In base 6, what is 11301 - -5?
11310
In base 3, what is 0 + -21020?
-21020
In base 3, what is 10010100 - -1?
10010101
In base 11, what is 15 - 2?
13
In base 11, what is -a9 + -4?
-102
In base 11, what is 0 + -314?
-314
In base 6, what is -4 - 45004?
-45012
In base 8, what is -44 - -226?
162
In base 6, what is 4 - 4?
0
In base 7, what is -5510 - 0?
-5510
In base 14, what is 1 + -a7?
-a6
In base 13, what is 4 + 111?
115
In base 5, what is 110244 + -4?
110240
In base 8, what is -1410 - 5?
-1415
In base 11, what is 5 - 7?
-2
In base 15, what is 307 + -7?
300
In base 15, what is 52 + 1?
53
In base 13, what is -a084 - 5?
-a089
In base 8, what is -1 - -2704?
2703
In base 5, what is 10 + -134?
-124
In base 4, what is 130 - -1?
131
In base 16, what is 2 + 296?
298
In base 12, what is -5 + -3a?
-43
In base 6, what is 133514 + -2?
133512
In base 3, what is -20 + 1111?
1021
In base 9, what is 24 + 431?
455
In base 3, what is 12122 + 120?
20012
In base 12, what is 0 + 40?
40
In base 6, what is -125 - -3?
-122
In base 10, what is -2436 - -1?
-2435
In base 11, what is 4 - 11?
-8
In base 16, what is 4 + 52?
56
In base 6, what is -2 + -20?
-22
In base 3, what is 21 + -2022111?
-2022020
In base 3, what is -220 - -220?
0
In base 11, what is a + 3?
12
In base 14, what is 0 + 24?
24
In base 4, what is -131 + -201?
-332
In base 2, what is 101 + -11110?
-11001
In base 8, what is -4704 + 2?
-4702
In base 8, what is 260 + 11?
271
In base 6, what is 2 - -5510?
5512
In base 16, what is -20 - -cb?
ab
In base 5, what is 10 + 242?
302
In base 12, what is -1 + -50?
-51
In base 11, what is 33 - 2a?
4
In base 12, what is 33b3 + 5?
33b8
In base 5, what is 234 + -113?
121
In base 2, what is -100 + -101110?
-110010
In base 8, what is -3 - -74?
71
In base 15, what is 149 + 5?
14e
In base 9, what is -1 - 202?
-203
In base 9, what is 50 - 0?
50
In base 7, what is -35 - -256?
221
In base 9, what is 42 - 34?
7
In base 3, what is -10000222 - -10?
-10000212
In base 16, what is 6 - 3b7?
-3b1
In base 2, what is 100 - 10101?
-10001
In base 14, what is -3113 - -2?
-3111
In base 15, what is 4 - -36?
3a
In base 9, what is -14 + 65?
51
In base 7, what is -2 - -5?
3
In base 8, what is -214 + 22?
-172
In base 15, what is -3 + -94?
-97
In base 16, what is -11e - 8?
-126
In base 15, what is -b5 - -6?
-ae
In base 8, what is 12363 + -1?
12362
In base 14, what is -35 + -1?
-36
In base 10, what is 0 + -338?
-338
In base 3, what is 2212101 + 11?
2212112
In base 7, what is 4 + -110?
-103
In base 14, what is -402 + -4?
-406
In base 7, what is -3 - -2634?
2631
In base 2, what is -1000 - 110?
-1110
In base 4, what is 21 - -1021?
1102
In base 3, what is -20210 + -2?
-20212
In base 7, what is 63 - -31?
124
In base 11, what is -551 - 2?
-553
In base 11, what is 4 + 28?
31
In base 16, what is -3 - 14?
-17
In base 9, what is 4 + -7648?
-7644
In base 8, what is -261 + -41?
-322
In base 6, what is 10 - 102?
-52
In base 12, what is -5 - -125?
120
In base 12, what is 2 + -6?
-4
In base 2, what is -100 - 11011100?
-11100000
In base 5, what is 40 - 12?
23
In base 13, what is 240 - -2?
24